{"id":212,"date":"2019-03-04T15:35:24","date_gmt":"2019-03-04T14:35:24","guid":{"rendered":"http:\/\/mags-world.com\/?page_id=212"},"modified":"2019-05-05T22:33:24","modified_gmt":"2019-05-05T20:33:24","slug":"about","status":"publish","type":"page","link":"https:\/\/mags-world.com\/index.php\/about\/","title":{"rendered":"About"},"content":{"rendered":"<p><img data-attachment-id=\"414\" data-permalink=\"https:\/\/mags-world.com\/index.php\/about\/img_0413\/\" data-orig-file=\"https:\/\/i0.wp.com\/mags-world.com\/wp-content\/uploads\/2019\/05\/IMG_0413.jpg?fit=4032%2C3024&amp;ssl=1\" data-orig-size=\"4032,3024\" data-comments-opened=\"1\" data-image-meta=\"{&quot;aperture&quot;:&quot;1.8&quot;,&quot;credit&quot;:&quot;&quot;,&quot;camera&quot;:&quot;iPhone 8&quot;,&quot;caption&quot;:&quot;&quot;,&quot;created_timestamp&quot;:&quot;1534679654&quot;,&quot;copyright&quot;:&quot;&quot;,&quot;focal_length&quot;:&quot;3.99&quot;,&quot;iso&quot;:&quot;40&quot;,&quot;shutter_speed&quot;:&quot;0.033333333333333&quot;,&quot;title&quot;:&quot;&quot;,&quot;orientation&quot;:&quot;1&quot;}\" data-image-title=\"IMG_0413\" data-image-description=\"\" data-image-caption=\"\" data-medium-file=\"https:\/\/i0.wp.com\/mags-world.com\/wp-content\/uploads\/2019\/05\/IMG_0413.jpg?fit=300%2C225&amp;ssl=1\" data-large-file=\"https:\/\/i0.wp.com\/mags-world.com\/wp-content\/uploads\/2019\/05\/IMG_0413.jpg?fit=960%2C720&amp;ssl=1\" class=\"wp-image-414 size-thumbnail alignleft\" src=\"https:\/\/i0.wp.com\/mags-world.com\/wp-content\/uploads\/2019\/05\/IMG_0413-150x150.jpg?resize=150%2C150\" alt=\"\" width=\"150\" height=\"150\" srcset=\"https:\/\/i0.wp.com\/mags-world.com\/wp-content\/uploads\/2019\/05\/IMG_0413.jpg?resize=150%2C150&amp;ssl=1 150w, https:\/\/i0.wp.com\/mags-world.com\/wp-content\/uploads\/2019\/05\/IMG_0413.jpg?resize=300%2C300&amp;ssl=1 300w, https:\/\/i0.wp.com\/mags-world.com\/wp-content\/uploads\/2019\/05\/IMG_0413.jpg?resize=75%2C75&amp;ssl=1 75w, https:\/\/i0.wp.com\/mags-world.com\/wp-content\/uploads\/2019\/05\/IMG_0413.jpg?zoom=3&amp;resize=150%2C150&amp;ssl=1 450w\" sizes=\"(max-width: 150px) 100vw, 150px\" data-recalc-dims=\"1\" \/><\/p>\n<p>A force de faire des fiches en format word de mes voyages pour mes amis, j&#8217;ai fini par me dire qu&#8217;ouvrir un blog serait un moyen de partager tout cela plus grandement !<\/p>\n","protected":false},"excerpt":{"rendered":"<p>A force de faire des fiches en format word de mes voyages pour mes amis, j&#8217;ai fini par me dire qu&#8217;ouvrir un blog serait un moyen de partager tout cela plus grandement !<\/p>\n","protected":false},"author":1,"featured_media":0,"parent":0,"menu_order":0,"comment_status":"closed","ping_status":"closed","template":"","meta":{"jetpack_post_was_ever_published":false},"jetpack_sharing_enabled":true,"jetpack_shortlink":"https:\/\/wp.me\/PaM1cC-3q","jetpack-related-posts":[{"id":2,"url":"https:\/\/mags-world.com\/index.php\/page-d-exemple\/","url_meta":{"origin":212,"position":0},"title":"Page d\u2019exemple","date":"22 February 2019","format":false,"excerpt":"Ceci est une page d\u2019exemple. C\u2019est diff\u00e9rent d\u2019un article de blog parce qu\u2019elle restera au m\u00eame endroit et appara\u00eetra dans la navigation de votre site (dans la plupart des th\u00e8mes). La plupart des gens commencent par une page \u00ab\u00a0\u00c0 propos\u00a0\u00bb qui les pr\u00e9sente aux visiteurs du site. Cela pourrait ressembler\u2026","rel":"","context":"Similar post","img":{"alt_text":"","src":"","width":0,"height":0},"classes":[]}],"_links":{"self":[{"href":"https:\/\/mags-world.com\/index.php\/wp-json\/wp\/v2\/pages\/212"}],"collection":[{"href":"https:\/\/mags-world.com\/index.php\/wp-json\/wp\/v2\/pages"}],"about":[{"href":"https:\/\/mags-world.com\/index.php\/wp-json\/wp\/v2\/types\/page"}],"author":[{"embeddable":true,"href":"https:\/\/mags-world.com\/index.php\/wp-json\/wp\/v2\/users\/1"}],"replies":[{"embeddable":true,"href":"https:\/\/mags-world.com\/index.php\/wp-json\/wp\/v2\/comments?post=212"}],"version-history":[{"count":7,"href":"https:\/\/mags-world.com\/index.php\/wp-json\/wp\/v2\/pages\/212\/revisions"}],"predecessor-version":[{"id":416,"href":"https:\/\/mags-world.com\/index.php\/wp-json\/wp\/v2\/pages\/212\/revisions\/416"}],"wp:attachment":[{"href":"https:\/\/mags-world.com\/index.php\/wp-json\/wp\/v2\/media?parent=212"}],"curies":[{"name":"wp","href":"https:\/\/api.w.org\/{rel}","templated":true}]}}